se 9
-224
-157 (base 13) to base 11
-1aa
0 (base 9) to base 10
0
What is -4 (base 6) in base 11?
-4
Convert -112 (base 6) to base 14.
-32
-8 (base 16) to base 14
-8
121 (base 3) to base 4
100
Convert -58 (base 11) to base 3.
-2100
-111 (base 2) to base 9
-7
1 (base 16) to base 2
1
-11100 (base 2) to base 10
-28
Convert 22 (base 13) to base 5.
103
-f3 (base 16) to base 10
-243
Convert -1 (base 5) to base 7.
-1
Convert 33 (base 9) to base 10.
30
16 (base 8) to base 10
14
10 (base 8) to base 7
11
What is -48 (base 9) in base 10?
-44
What is 29 (base 16) in base 6?
105
Convert -8 (base 11) to base 5.
-13
Convert -60 (base 8) to base 7.
-66
What is -1 (base 10) in base 12?
-1
Convert -87 (base 12) to base 8.
-147
Convert -13 (base 15) to base 3.
-200
What is -2312 (base 5) in base 16?
-14c
Convert -12 (base 3) to base 9.
-5
1a (base 13) to base 3
212
2 (base 16) to base 9
2
52 (base 10) to base 11
48
What is 14 (base 15) in base 3?
201
Convert -4 (base 9) to base 5.
-4
Convert 9 (base 11) to base 13.
9
Convert 60 (base 7) to base 9.
46
What is -1 (base 2) in base 12?
-1
47 (base 15) to base 10
67
What is 22 (base 3) in base 14?
8
-4 (base 10) to base 11
-4
-2 (base 9) to base 5
-2
-141 (base 10) to base 11
-119
-40 (base 7) to base 11
-26
Convert 1222 (base 3) to base 6.
125
-14 (base 5) to base 2
-1001
3 (base 7) to base 2
11
0 (base 4) to base 11
0
What is 2a2 (base 12) in base 10?
410
-27 (base 9) to base 6
-41
23 (base 4) to base 15
b
What is -1 (base 12) in base 10?
-1
What is 3 (base 5) in base 3?
10
What is -2c (base 16) in base 11?
-40
2d (base 14) to base 6
105
Convert -11 (base 2) to base 5.
-3
-110011 (base 2) to base 4
-303
What is 21 (base 6) in base 16?
d
What is -1 (base 6) in base 7?
-1
What is 2 (base 5) in base 15?
2
What is -6a (base 12) in base 15?
-57
Convert -349 (base 11) to base 12.
-2a8
-18a (base 16) to base 15
-1b4
What is 1 (base 4) in base 5?
1
Convert -8 (base 14) to base 8.
-10
What is 7 (base 8) in base 5?
12
3 (base 14) to base 10
3
45 (base 12) to base 9
58
Convert -d (base 16) to base 13.
-10
What is 11010 (base 2) in base 5?
101
Convert -2 (base 12) to base 13.
-2
10 (base 6) to base 13
6
What is -237 (base 11) in base 14?
-162
Convert -3 (base 7) to base 9.
-3
What is 10 (base 13) in base 6?
21
2 (base 8) to base 6
2
What is -4 (base 9) in base 5?
-4
8 (base 13) to base 5
13
Convert -110000 (base 2) to base 15.
-33
Convert -5 (base 15) to base 12.
-5
Convert 2 (base 7) to base 16.
2
Convert a (base 12) to base 13.
a
What is 15 (base 13) in base 5?
33
16d (base 15) to base 3
110011
What is -3 (base 14) in base 6?
-3
Convert -153 (base 10) to base 7.
-306
-64 (base 9) to base 4
-322
Convert -213 (base 11) to base 15.
-121
What is 58 (base 10) in base 8?
72
Convert 0 (base 5) to base 11.
0
4 (base 9) to base 12
4
Convert 11001111 (base 2) to base 8.
317
101 (base 2) to base 3
12
Convert 7 (base 11) to base 13.
7
What is -10 (base 5) in base 14?
-5
-7 (base 15) to base 2
-111
What is -3 (base 13) in base 9?
-3
What is 1 (base 14) in base 5?
1
36 (base 8) to base 2
11110
Convert -4 (base 9) to base 4.
-10
What is 4 (base 8) in base 12?
4
320 (base 8) to base 7
415
What is 1000101 (base 2) in base 13?
54
What is -35 (base 13) in base 12?
-38
What is 47 (base 9) in base 2?
101011
What is -1 (base 7) in base 5?
-1
What is 0 (base 13) in base 16?
0
Convert -1d (base 16) to base 8.
-35
60 (base 10) to base 14
44
Convert 14 (base 12) to base 13.
13
c (base 13) to base 11
11
Convert -100220 (base 3) to base 14.
-151
Convert -102 (base 4) to base 2.
-10010
101111 (base 2) to base 14
35
31 (base 5) to base 14
12
Convert -158 (base 11) to base 14.
-d2
Convert 1e (base 16) to base 6.
50
What is -220 (base 3) in base 13?
-1b
-1010 (base 2) to base 10
-10
What is -16 (base 16) in base 6?
-34
What is 2 (base 12) in base 13?
2
Convert -36 (base 7) to base 16.
-1b
Convert 1 (base 4) to base 9.
1
Convert -47 (base 13) to base 5.
-214
What is 10 (base 3) in base 10?
3
Convert -102 (base 4) to base 6.
-30
What is 129 (base 13) in base 4?
3030
Convert -4 (base 15) to base 2.
-100
44 (base 9) to base 8
50
Convert 2132 (base 4) to base 12.
112
Convert -20 (base 10) to base 11.
-19
-222 (base 4) to base 5
-132
What is -2a (base 14) in base 8?
-46
What is 9 (base 15) in base 11?
9
-3 (base 9) to base 6
-3
273 (base 8) to base 9
227
What is -2 (base 11) in base 13?
-2
Convert 9 (base 12) to base 13.
9
What is -23 (base 6) in base 5?
-30
Convert -2 (base 4) to base 6.
-2
Convert 1133 (base 5) to base 15.
b3
-12 (base 8) to base 16
-a
2 (base 14) to base 11
2
What is -1011 (base 3) in base 6?
-51
-9a (base 13) to base 15
-87
184 (base 10) to base 9
224
230 (base 7) to base 4
1313
0 (base 8) to base 4
0
What is -69 (base 11) in base 12?
-63
What is -111 (base 2) in base 16?
-7
0 (base 2) to base 4
0
What is 10002 (base 3) in base 10?
83
Convert 0 (base 8) to base 10.
0
What is -6 (base 8) in base 3?
-20
What is 5b (base 12) in base 7?
131
21 (base 4) to base 8
11
Convert 36 (base 10) to base 8.
44
Convert 25 (base 10) to base 9.
27
What is -10 (base 3) in base 5?
-3
What is -b (base 14) in base 13?
-b
What is -1 (base 2) in base 15?
-1
-1 (base 11) to base 10
-1
Convert -1 (base 16) to base 5.
-1
-2 (base 12) to base 10
-2
What is 4 (base 6) in base 10?
4
Convert 3 (base 4) to base 10.
3
What is 201 (base 7) in base 3?
10200
Convert 81 (base 14) to base 4.
1301
-5 (base 11) to base 15
-5
What is 1210 (base 3) in base 13?
39
What is -3 (base 12) in base 4?
-3
What is 1 (base 14) in base 16?
1
What is -125 (base 8) in base 11?
-78
What is 3 (base 14) in base 3?
10
What is 148 (base 10) in base 3?
12111
Convert 8 (base 14) to base 6.
12
What is 15 (base 7) in base 11?
11
1d (base 14) to base 10
27
10 (base 8) to base 10
8
7 (base 11) to base 2
111
-100 (base 5) to base 9
-27
-31 (base 14) to base 11
-3a
Convert -14 (base 5) to base 13.
-9
What is 42 (base 10) in base 8?
52
-50 (base 13) to base 12
-55
What is 9 (base 11) in base 15?
9
11 (base 13) to base 4
32
Convert 2 (base 6) to base 10.
2
Convert 22 (base 3) to base 6.
12
-347 (base 9) to base 15
-141
What is d (base 15) in base 9?
14
What is -5 (base 10) in base 14?
-5
Convert -65 (base 13) to base 12.
-6b
1022 (base 3) to base 2
100011
Convert -111 (base 2) to base 10.
-7
What is -13 (base 4) in base 11?
-7
What is 10 (base 7) in base 3?
21
What is 13 (base 6) in base 5?
14
What is 10 (base 2) in base 9?
2
Convert -6 (base 12) to base 11.
-6
Convert -20 (base 4) to base 9.
-8
What is -54 (base 6) in base 7?
-46
Convert -59 (base 11) to base 2.
-1000000
Convert -20 (base 3) to base 13.
-6
What is a (base 15) in base 16?
a
c4 (base 16) to base 9
237
Convert 10 (base 4) to base 10.
4
-4a (base 12) to base 9
-64
What is -1001111 (base 2) in base 6?
-211
What is ec (base 16) in base 14?
12c
Convert 5 (base 12) to base 14.
5
102 (base 14) to base 3
21100
0 (base 12) to base 8
0
-20 (base 10) to base 8
-24
Convert -2 (base 3) to base 2.
-10
7 (base 9) to base 5
12
5e (base 15) to base 14
65
What is 4a (base 11) in base 3?
2000
What is 4 (base 5) in base 9?
4
What is -3222 (base 4) in base 9?
-280
-34 (base 6) to base 15
-17
-123 (base 14) to base 9
-272
-3 (base 10) to base 3
-10
5 (base 11) to base 5
10
1 (base 2) to base 13
1
-11101 (base 2) to base 14
-21
101 (base 4) to base 10
17
What is 7 (base 11) in base 16?
7
What is -4 (base 12) in base 11?
-4
Convert -11 (base 3) to base 9.
-4
Convert 4 (base 12) to base 4.
10
What is -12 (base 15) in base 14?
-13
What is -126 (base 7) in base 12?
-59
What is -4 (base 11) in base 4?
-10
What is -11 (base 5) in base 10?
-6
100 (base 2) to base 5
4
What is -3 (base 6) in base 12?
-3
Convert 21 (base 4) to base 13.
9
3 (base 12) to base 9
3
What is 0 (base 10) in base 9?
0
-5 (base 8) to base 2
-101
What is -50 (base 7) in base 5?
-120
Convert -75 (base 11) to base 10.
-82
2101 (base 3) to base 12
54
-3 (base 13) to base 8
-3
What is 3 (base 12) in base 7?
3
331 (base 10) to base 4
11023
Convert 0 (base 4) to base 15.
0
Convert -2 (base 9) to base 4.
-2
What is 3 (base 13) in base 16?
3
Convert 2 (base 3) to base 14.
2
-10011101 (base 2) to base 11
-133
Convert 82 (base 16) to base 4.
2002
-21 (base 10) to base 8
-25
-74 (base 12) to base 13
-6a
-6 (ba